d(b) = 2*b**2 - 16*b + 23. Let k be d(7). Suppose -6*j - 237 = -k*j. What is the units digit of j?
9
Let h(n) = 114*n**3 + 2*n + 1. Let s be h(-1). What is the units digit of (s/35 - -3)*-7?
2
Let r(u) be the second derivative of -u**5/20 + 7*u**4/12 + u**3/2 + 19*u**2/2 - 2*u - 10. What is the units digit of r(7)?
0
Let z(s) = 6*s + 15. Let c be 40/16*(-4)/(-2). What is the units digit of z(c)?
5
Suppose -13*k - 3*k = -9760. What is the tens digit of k?
1
Let q(p) = p**3 - 49*p**2 - 148*p + 17. What is the units digit of q(52)?
3
Let m(b) = -3*b - 6. Let k be m(-2). Suppose 8*g - 1600 = -k*g. What is the units digit of g?
0
Suppose -2 + 4 = q. Suppose -q*k - 34 = -4*k. Suppose 4*c - 131 = k. What is the units digit of c?
7
Let s be (1 - -4)/(1/1). Suppose s*h - 4*h - 2*i - 10 = 0, -2*h = -i - 26. Let j = 13 + h. What is the tens digit of j?
2
What is the units digit of 57*3/(-9)*-19?
1
Suppose -s + 2*y + 86 = 0, 5*y - 2*y - 267 = -3*s. Suppose 4*v + s = -0*v. What is the tens digit of (6 + -8)*v/4?
1
Suppose -308 = -4*l - 0*l. Let n = -28 + l. What is the tens digit of n?
4
Suppose -576 = -0*c - 4*c. Suppose -14*u = -11*u - c. What is the units digit of u?
8
Suppose 12*d = 9*d - 2526. What is the tens digit of (-4)/84*3 - d/14?
6
Let a(n) = -28*n**3 - 2*n**2 - n. Let t be (5 + -12 - -7) + (0 - 1). What is the units digit of a(t)?
7
Suppose 0 = 9*j - 2*j. Suppose -a - 5 = -5*u - 6*a, -u - 3*a - 3 = j. Suppose -v + u*c + 19 = 0, 6*c + 43 = 2*v + c. What is the tens digit of v?
3
Suppose -5*u + 973 = 128. What is the units digit of u?
9
Suppose -7 = 4*w - 5*a, -2*w = -w - 5*a + 13. Suppose -w*j - j + 24 = 0. Suppose 4*x - 4*y + 2 = 6*x, 5*y = -3*x + j. What is the units digit of x?
1
Suppose 2*v + 7538 = 2*g, -4701 = -g + 5*v - 924. What is the units digit of g?
7
Let x(t) = -t**2 - 3*t + 4. Let m be x(-3). Let c = m - -4. What is the units digit of c?
8
Let r be (-6)/(4/(-2)) - (-4)/4. Suppose 18 = -2*w + r*b + 120, 0 = 4*b + 16. What is the tens digit of w?
4
Let d be 9 + -5 - (-2)/(-1). Let l be (-6 - 4) + 4/d. Let y = l - -10. What is the units digit of y?
2
What is the tens digit of (-2990)/(-11) - (-10)/55?
7
Suppose x = -q - 2*q + 9, -6 = -x - 2*q. Suppose 2*j - c - 39 - 166 = x, -5*c - 413 = -4*j. What is the tens digit of j?
0
Suppose 0 = 3*w + 6*j - j - 16, -4*j = w - 10. Let c(o) = 2*o - 1 + 3*o - 7*o + 5*o**2 + 2. What is the units digit of c(w)?
7
Let y(g) = g**2 - 13*g + 15. Let p be y(7). Let d = -29 - p. What is the units digit of -46*(-1)/d*-1?
3
Let q = -1 + 4. Let m be ((-8)/(-20))/((-2)/(-20)). Suppose -m*o + 2*h + 26 = 0, 0*o = -q*o + h + 20. What is the units digit of o?
7
Let t be (-18)/27 + (-19)/3. Let g = 15 + t. Suppose 7*i + 13 = g*i. What is the tens digit of i?
1
Suppose -s = 0, 6*r - 644 = 2*r + 4*s. What is the hundreds digit of r?
1
Let m be (1 - 6)*(-6)/15. Suppose 2*x = -2*s + 92, -65 = -m*x + 2*s + 43. What is the units digit of x?
0
Suppose 5*d = -1645 + 15235. What is the tens digit of d?
1
Let q(v) = 2*v**2 - 4*v - 4. Let y be q(7). Let j be 2 + 3 + 0 + -2. Suppose y = j*o - 96. What is the tens digit of o?
5
Let n(l) = 9*l**2 + 10*l. What is the tens digit of n(8)?
5
Let u = 45 - -115. Suppose -79*h = -75*h - u. What is the units digit of h?
0
Let n be (22/(-6))/((-7)/21). Let a = n + 22. Suppose 4*l - a - 71 = 0. What is the units digit of l?
6
Let i be (-1 + 5)/(-1 + 3). Suppose i*u - 6*u + 8 = 3*s, -s - 4*u - 8 = 0. Suppose 0 = 5*w - s*w + 177. What is the tens digit of w?
5
Suppose -4*q + 10 = -2*q, -4*a - q = 3. What is the hundreds digit of (-80)/12*(a + -28)?
2
Let o = -21 + 1. Let r = -17 - o. Suppose q = -5*t + 188, -5*q + 120 = r*t - 2*q. What is the units digit of t?
7
Let r = 9 - -1. Let f = r + -7. What is the units digit of (7 + (f - 6))*1?
4
Let k(m) = -m**2 - 11*m - 8. Let z be k(-10). Let x be 1 - z - (-3 + 0). What is the tens digit of x/(((-9)/(-15))/3)?
1
What is the tens digit of ((-45)/(-90))/((-2)/(-1892)*1)?
7
Suppose 4*x = 2*a - 0*x - 70, 43 = a - 4*x. Suppose 0 = -3*o + a + 15. What is the units digit of o?
4
Let y(t) = t**3 + 24*t**2 + 32*t - 28. What is the tens digit of y(-21)?
2
Let c(o) = 4*o + 2. Let w(d) = -2*d - 2. Let n be w(-2). Suppose 0 = -n*r + 5 - 1. What is the units digit of c(r)?
0
Let s(w) = -3*w + 40. Let r be ((-4)/(-6))/((-4)/102). What is the tens digit of s(r)?
9
Suppose -4*n - 5 = -33. Let d = 11 - n. Suppose -5*u = -d*y + 155, 3*y + 5*u - 205 = -2*y. What is the tens digit of y?
4
Suppose 19*c = 5*c + 5880. What is the tens digit of c?
2
What is the thousands digit of (-8)/6*(25 - 2077)?
2
Let i(x) = x + 9. Let l be i(0). Suppose 2 = -2*w - 4*t + 8, -5*w + 4*t = -15. Suppose 0 = l*n - w*n - 66. What is the tens digit of n?
1
Let d = 62 - 62. Suppose d = 8*r - 11*r + 270. What is the tens digit of r?
9
What is the units digit of (2 - (-220)/(-105)) + 8570/21?
8
Let x(k) = -k**2 - 13*k + 91. Let z be x(7). Let u = 43 - 66. Let s = u - z. What is the units digit of s?
6
Suppose 2243*a - 3732 = 2239*a. What is the hundreds digit of a?
9
Suppose 6*k + 28 = 208. Let m(i) = -i**2 + 34*i - 37. What is the tens digit of m(k)?
8
Suppose 0*z + 69 = 3*z. Let v = -14 + z. Suppose 3*b - 4*b + v = 0. What is the units digit of b?
9
Suppose 5*c = -2*n + 5*n + 2, 3 = 4*c - n. Let z = 5 - c. Suppose 121 - 25 = z*x. What is the tens digit of x?
2
Let z = -147 - -209. Suppose -66 - z = -4*p. What is the units digit of p?
2
Let y be (-417)/(-1) - (-2 + (-4)/(-1)). Suppose j + 3*i = -j + 215, y = 4*j + i. What is the tens digit of j?
0
Let f(j) = -1 - 10*j + 7*j**2 + j**3 + 3*j**2 + 8 + 6. Let i be f(-11). Suppose -i*r - 56 = -4*d, 0*d + r = 3*d - 44. What is the tens digit of d?
1
Suppose -5*r + 4008 = 4*u, -6*r = -11*r. What is the tens digit of u?
0
Let m = -295 + 2261. What is the hundreds digit of m?
9
Let l(o) = -2*o**3 + 4*o**2 + 3*o + 4. Let f be l(4). Suppose 2*v - 38 = -208. Let h = f - v. What is the units digit of h?
7
Suppose -x + 5 = -0*c + c, -4*c = 5*x - 20. Suppose a = -x*a - 17. Let i = a + 34. What is the units digit of i?
7
Suppose 6*b - b - 10 = 0, -4*h + 4*b = -21792. What is the thousands digit of h?
5
What is the units digit of 6/(-21) + 7 + 2832/14?
9
Let d(q) = 374*q - 100. What is the units digit of d(6)?
4
Suppose 3*j - j + 2*y = 2, 4*j + 5*y = 3. Let g be (-3 + j)*7 + -1. Let n = 9 + g. What is the units digit of n?
1
Suppose -25032 = 102*w - 116*w. What is the hundreds digit of w?
7
Suppose 8*i + 3528 = 17*i. What is the tens digit of i?
9
Let l be 18/(4/((-16)/(-6))). Let t = l - 10. Let r = 17 - t. What is the units digit of r?
5
Suppose -19*q = -7*q - 9660. Suppose m + 4*c = -0*m + 161, -c = -5*m + q. What is the tens digit of m?
6
Let k = 12 + -12. Suppose 0 = 4*x - 3*x - 4. Suppose x*o - 86 = -2*y, k = 5*o + 4*y - 3*y - 103. What is the units digit of o?
0
What is the hundreds digit of (-4802)/(-7) - (3 + (-1)/(-1))?
6
Suppose -3*o - 3*g + 3651 = -0*o, 2*g = 5*o - 6050. What is the tens digit of o?
1
Suppose -11*x + 4748 = -7*x. What is the thousands digit of x?
1
Let s(n) = n**3 + 15*n**2 - 11*n - 29. What is the tens digit of s(-14)?
2
Let n(z) = 134*z**3 + z. Let y be n(-1). Let s = y + 199. What is the units digit of s?
4
Let z = 27 - 40. Let n(i) = -i**2 - 14*i - 2. What is the units digit of n(z)?
1
Suppose -38*y + 57 = -41*y. Let j = y + 47. What is the tens digit of j?
2
Let x(w) be the third derivative of w**4/24 + 5*w**3/6 - w**2. Let s be x(-3). Suppose 0 + s = k. What is the units digit of k?
2
Suppose -48 = -l - 38. Suppose -l*k + 2005 = 605. What is the units digit of k?
0
Let q be ((-12)/(-8))/(15/(-100)). What is the tens digit of (1 + 2)/(q/(-190))?
5
Let l(v) = -v + 8. Let w be l(12). What is the tens digit of (163 - (2 - 6)) + 8/w?
6
Suppose 4*q = -s - 18 - 1, 57 = -3*s - q. Let h be (0 + (-9)/(-2))/(9/12). Let u = h - s. What is the tens digit of u?
2
Suppose 5*g - 8*g + 6 = 0. Suppose -3*y = g*d + 31 - 86, 3*y = -3*d + 54. What is the tens digit of y?
1
What is the tens digit of 204*-28*(-6)/96?
5
Let p = -1435 - -2994. What is the thousands digit of p?
1
Suppose 8*k + 56 = -6*k. What is the tens digit of (36 - -2)*-1*2/k?
1
Let n(c) = 7*c - 6. Suppose -3*y = -5*r - 2*y + 15, 2*r + 5*y + 21 = 0. Suppose j - 14 = -4*o,